ime factors of 1/((-1)/(-2)) + o.
2
Suppose l - 6*l = -3*x - 12, 3*l - 4*x - 5 = 0. Let c be (-3)/(-9) + (-10)/l. What are the prime factors of 1 + 1*(c + 5)?
3
Suppose 328 = 7*a - 3*a. List the prime factors of a.
2, 41
Suppose -3*i + i + 16 = 0. Suppose 0 = -y - h + 21 - i, -4*y + 64 = h. List the prime factors of y.
17
Suppose 0 = 3*h + d - 3*d - 33, -5*h - 2*d = -71. Suppose 4*f = -3*n + 47, -f = 3*n - n - h. What are the prime factors of f?
11
Let i(u) = -3 + 0*u - 5*u + 4*u. Suppose 0 = -t - t - 20. What are the prime factors of i(t)?
7
What are the prime factors of (-43)/(-3) - (-12)/18?
3, 5
Suppose 4*q - 2*q - 4*b + 8 = 0, -6 = -2*b. Suppose 0 = 5*s + 5, 0*x + q = x + s. What are the prime factors of x?
3
Let r be 4/18 - (-43)/9. Let z = 23 - r. List the prime factors of z.
2, 3
Let f be (-105)/28 - (-2)/(-8). Let u be (-3 - -2)/(f/200). Suppose 2*v + 113 = 4*m + 31, 2*v - u = -2*m. List the prime factors of m.
2, 11
Let g(o) = o**2 + o + 3. Let s be g(0). Let l be (2 + (4 - 4))*1. List the prime factors of 1 - l/(-3)*s.
3
Let s = -29 + 31. Suppose s*k - 3*k = -36. What are the prime factors of k?
2, 3
Let d be 3/(-3) - (-3 + 2). Suppose -5*i + 7 + 3 = d. Suppose l = i*p - 21, 5*p - 114 = -5*l - 39. What are the prime factors of p?
2, 3
Let j = 275 + -192. List the prime factors of j.
83
Let f(s) = 12*s**2 + 3*s + 6. List the prime factors of f(-2).
2, 3
Suppose 0*t = -t + 3. Let n(c) = -t + c**2 + 0 + 1 - 4*c. What are the prime factors of n(5)?
3
Let t be -4*(2 + -3) + 0. Let h = 10 + t. List the prime factors of h.
2, 7
Let a(s) = 2*s - 2. Let g be a(4). Let k(x) = -x**2 - 5*x - 5. Let t be k(-4). Let i = g - t. List the prime factors of i.
7
Let a(c) = 5*c**3 - c**2 - c - 1. Let y be a(-1). Let i(h) = h**2 + 7*h + 8. List the prime factors of i(y).
2
Let c(v) = 3*v**2 - 7*v - 10. List the prime factors of c(6).
2, 7
Let b(q) = -7*q**2 + 3*q - 1. Let z(t) = -3*t**2 + t. Let r(a) = 4*b(a) - 9*z(a). Let m be r(4). List the prime factors of (m/(-10))/(2/5).
2
Suppose -8 + 26 = 3*t. Let w(g) = g**2 - 6*g + 7. List the prime factors of w(t).
7
Suppose -2*g = 2*s + 56 + 8, -5*g = -2*s - 36. Let q = 64 + s. List the prime factors of q.
2, 3
Suppose 2*h - 23 - 79 = 0. What are the prime factors of h?
3, 17
Suppose 4*p - 736 = 5*s - s, 0 = 2*p + 3*s - 348. What are the prime factors of p?
2, 3, 5
Let a(l) = 2*l - 5. Let d be a(5). Suppose -7 - 3 = -d*i. What are the prime factors of i?
2
Suppose -4*v + 6 = -6. Suppose 0 = v*z - 3*x - 8 - 22, 4*x = -z - 10. What are the prime factors of z?
2, 3
Suppose 5*t = 2*t + 264. List the prime factors of t.
2, 11
Suppose -d + 36 = 2*d. Let j(l) = 0 + 3 - 7 - 5 - l**2 - d*l. What are the prime factors of j(-9)?
2, 3
Let f be (-4)/(-10) + 369/15. Suppose -8*l = -3*l - f. What are the prime factors of l?
5
Let u = 13 - 8. Suppose l + u*y - 54 = 0, 3*y = 2*l + 4*y - 108. List the prime factors of l.
2, 3
Suppose 0 = -k + d + 250, 3*k = -6*d + d + 718. List the prime factors of k.
2, 3, 41
Let s = 295 - 183. List the prime factors of s.
2, 7
Let b = 9 + -7. List the prime factors of b.
2
Suppose -16 + 1 = -3*k. Suppose k*q + 2*y = 139, 0*y - 3 = y. List the prime factors of q.
29
Suppose -3*x + 285 = -3*s, 5*x - 6*s + 2*s = 479. What are the prime factors of x?
3, 11
Let d = 9 - -54. Suppose 33 = 4*p - d. List the prime factors of p.
2, 3
Let y(h) = 10*h**2 + 3*h + 4. What are the prime factors of y(-2)?
2, 19
Let z(g) = g**2 - 13*g + 20. What are the prime factors of z(17)?
2, 11
Let y(t) = -4*t - 9. Suppose -9 = -q + 4*a - 1, 5*q + 5 = 5*a. What are the prime factors of y(q)?
7
Suppose 372 = 2*f + f. What are the prime factors of f?
2, 31
Let g be (1 - 2)*(-1 + 1). Let n = 17 + -8. Suppose g = -j - 5, -2*h + j = -0*j - n. What are the prime factors of h?
2
Let r be (-45)/(-3) + (0 - 0). Let t be (-6)/r - (-64)/10. What are the prime factors of -1*(t/1)/(-3)?
2
Let y(j) = j**3 + 11*j**2 + 7*j + 18. What are the prime factors of y(-9)?
3, 13
Let l(u) = u**2 + 7*u + 14. What are the prime factors of l(-12)?
2, 37
Suppose l = -r - 8, 2*l + 25 = -3*l - 2*r. Let t(b) = -b**3 - 2*b**2 + b + 4. What are the prime factors of t(l)?
2, 5
Let n be 10/4*18/3. Let d = n + -11. List the prime factors of d.
2
Let g(k) = k**3 - 3*k**2 - 6*k - 4. Let l = 5 - 0. List the prime factors of g(l).
2
Let r = 3 + 12. Suppose 0 = 10*y - 11*y + 2. Let x = r + y. What are the prime factors of x?
17
Let t be 1860/(-16) - 2/(-8). What are the prime factors of 8/(-40) - t/5?
23
Suppose -273 = -0*s - 3*s. What are the prime factors of s?
7, 13
Let g(z) = -46*z**3 + z**2 + z + 1. What are the prime factors of g(-1)?
47
Suppose h - 28 = -6. What are the prime factors of h?
2, 11
Suppose 2*q + 28 = 6*q. Let a = q + 12. List the prime factors of a.
19
Suppose 0 = -4*t - 0*t - 4. Let h = 2 - t. List the prime factors of h.
3
Let x = -30 + 29. What are the prime factors of (3/(-6))/(x/94)?
47
Let o(g) = -4*g + 6. Let y be o(4). Let s = 13 + y. Suppose -3*n = 4*k - 44, -2 - 18 = -s*k + n. List the prime factors of k.
2
Let p = 15 - 16. List the prime factors of (-15)/(-1) - (2 + p).
2, 7
List the prime factors of ((-1)/5 - 0) + 1337/35.
2, 19
Let o(v) = 2*v + 5. Suppose 0 = -4*p - 0*z - z - 13, 25 = -4*p + 3*z. Let x be o(p). Let s = x + 16. What are the prime factors of s?
13
What are the prime factors of (109/(-4) - -4)*32/(-6)?
2, 31
Suppose 0*g + 28 = g. Let q = -15 + g. List the prime factors of q.
13
Let k(o) = o**3 + 37*o**2 + 29*o + 46. What are the prime factors of k(-36)?
2, 149
Suppose 0 = -w - 0*w. Suppose w*j + 4*j = -76. Let r = -12 - j. What are the prime factors of r?
7
Suppose -4*u + 2*g = 14, 0*g = 2*g + 6. Let z(k) = -k**3 - 4*k**2 + 3*k + 2. List the prime factors of z(u).
2, 3
Let y = 66 - 39. What are the prime factors of y?
3
Let i(l) = -6*l - 1. Let x be i(-1). Suppose -2*s + 140 = x*w + 3*s, -5 = s. What are the prime factors of w?
3, 11
Let h = 3 + -1. Let d(u) = 0*u + 8 - 7 + h*u. What are the prime factors of d(6)?
13
Suppose d + t - 12 = 2*t, 4*d - 3*t - 50 = 0. List the prime factors of d.
2, 7
Let m = 0 - -2. Suppose -2*n - 12 = 2*i + m, 0 = -5*i + 2*n. List the prime factors of i/3 + 100/15.
2, 3
Let m(t) = t**3 - 2*t + 4. Let l(k) = -k**2 + 5*k + 17. Let v be l(7). List the prime factors of m(v).
5
Let d be -2*1/((-3)/6). Suppose -d*u + u = 0. Let w(a) = a**3 - a**2 - a + 7. List the prime factors of w(u).
7
Let g(z) = 6*z**2 + 8*z + 34. List the prime factors of g(-8).
2, 3, 59
Suppose -74 = -5*b - 2*r, 6*b = b - r + 77. List the prime factors of b.
2
Suppose -m + 2*w - w = -8, -2*w - 13 = -m. Suppose 2*g + 138 = -o + 6*o, m*o = 4*g + 80. List the prime factors of o.
2, 7
Suppose -4*w + 74 = -78. List the prime factors of w.
2, 19
Suppose -2*h - 215 = -7*h. What are the prime factors of h?
43
List the prime factors of 10 - -10 - 2*-2.
2, 3
Let j(q) = -2*q**3 - 3*q**2 + 1. Suppose 0 = 4*v + 3 + 17, v + 30 = 5*x. Let k = -7 + x. What are the prime factors of j(k)?
5
Let c(p) = 6*p**2 + p + 9. What are the prime factors of c(4)?
109
Let g(l) = -l**2 - l - 1. Let u(v) = 2*v**2 + 9*v + 13. Let r(d) = -3*g(d) - u(d). Let t be r(8). Let o(q) = -q**2 + 9*q - 6. List the prime factors of o(t).
2, 3
Suppose -4*y - 117 = -o, 202 = 3*o + 4*y - 229. What are the prime factors of o?
137
Suppose -3*t - 3 = -3*p, 3*p - 15 = -2*t + t. Let f(s) = -s**3 + 2*s**3 - s**2 - s**2 - 3 - 1 - s. List the prime factors of f(t).
2
Let u = -4 - -10. Suppose u*d = d + 100. What are the prime factors of d?
2, 5
Suppose 11 = 5*a + 56. Let o = a + 14. Suppose o*d = 5*h + 5, -37 = 2*h - 5*h - 5*d. List the prime factors of h.
2
Let r = 4 - 7. Let j(l) = 4*l**2 + 3*l - 3. List the prime factors of j(r).
2, 3
Suppose -4*y + 2 + 6 = 0. What are the prime factors of 14/2 - (y + 1)?
2
Let z(x) = 2*x**2 + 13*x + 3. Let f be z(-5). Let s = f + 44. What are the prime factors of s?
2
Suppose d + 4 = b, 3*d - 6 = 3. Let q(k) = -5 + k**2 - 4*k - k - k. What are the prime factors of q(b)?
2
Let h be 8/(-1 - 3/(-1)). Suppose -29 = -o + 3*k, 65 = h*o + o + 5*k. List the prime factors of o.
17
Let i(m) = -2*m - 10. Let l be (28/8)/(1/(-2)). Let s be i(l). Suppose s*h + 0*h = 32. List the prime factors of h.
2
Suppose -4*t + 16 = 0, -97 = -6*n + n - 3*t